{"id":380,"date":"2022-05-21T14:55:38","date_gmt":"2022-05-21T12:55:38","guid":{"rendered":"https:\/\/sklep-demo.zse-2.krakow.pl\/?post_type=product&#038;p=380"},"modified":"2022-05-21T14:55:38","modified_gmt":"2022-05-21T12:55:38","slug":"botanique-nourish-replenish","status":"publish","type":"product","link":"https:\/\/sklep-demo.zse-2.krakow.pl\/index.php\/produkt\/botanique-nourish-replenish\/","title":{"rendered":"Botanique Nourish &amp; Replenish"},"content":{"rendered":"<p>Botanique Nourish &amp; Replenish Gabriela Guzowska<\/p>\n<figure id=\"attachment_381\" aria-describedby=\"caption-attachment-381\" style=\"width: 149px\" class=\"wp-caption alignnone\"><img loading=\"lazy\" decoding=\"async\" class=\"size-medium wp-image-381\" src=\"https:\/\/sklep-demo.zse-2.krakow.pl\/wp-content\/uploads\/2022\/05\/odzywka-149x300.jpg\" alt=\"\" width=\"149\" height=\"300\" srcset=\"https:\/\/sklep-demo.zse-2.krakow.pl\/wp-content\/uploads\/2022\/05\/odzywka-149x300.jpg 149w, https:\/\/sklep-demo.zse-2.krakow.pl\/wp-content\/uploads\/2022\/05\/odzywka-510x1024.jpg 510w, https:\/\/sklep-demo.zse-2.krakow.pl\/wp-content\/uploads\/2022\/05\/odzywka-768x1544.jpg 768w, https:\/\/sklep-demo.zse-2.krakow.pl\/wp-content\/uploads\/2022\/05\/odzywka-764x1536.jpg 764w, https:\/\/sklep-demo.zse-2.krakow.pl\/wp-content\/uploads\/2022\/05\/odzywka-416x836.jpg 416w, https:\/\/sklep-demo.zse-2.krakow.pl\/wp-content\/uploads\/2022\/05\/odzywka.jpg 1019w\" sizes=\"auto, (max-width: 149px) 100vw, 149px\" \/><figcaption id=\"caption-attachment-381\" class=\"wp-caption-text\">Guzowska<\/figcaption><\/figure>\n","protected":false},"excerpt":{"rendered":"<p>od\u017cywka na ko\u0144c\u00f3wki\u00a0 do w\u0142os\u00f3w\u00a0 zniszczonych farbowanych i suchych<\/p>\n","protected":false},"featured_media":0,"comment_status":"open","ping_status":"closed","template":"","meta":[],"product_brand":[],"product_cat":[15],"product_tag":[],"class_list":{"0":"post-380","1":"product","2":"type-product","3":"status-publish","5":"product_cat-bez-kategorii","7":"first","8":"instock","9":"sale","10":"shipping-taxable","11":"purchasable","12":"product-type-simple"},"_links":{"self":[{"href":"https:\/\/sklep-demo.zse-2.krakow.pl\/index.php\/wp-json\/wp\/v2\/product\/380","targetHints":{"allow":["GET"]}}],"collection":[{"href":"https:\/\/sklep-demo.zse-2.krakow.pl\/index.php\/wp-json\/wp\/v2\/product"}],"about":[{"href":"https:\/\/sklep-demo.zse-2.krakow.pl\/index.php\/wp-json\/wp\/v2\/types\/product"}],"replies":[{"embeddable":true,"href":"https:\/\/sklep-demo.zse-2.krakow.pl\/index.php\/wp-json\/wp\/v2\/comments?post=380"}],"wp:attachment":[{"href":"https:\/\/sklep-demo.zse-2.krakow.pl\/index.php\/wp-json\/wp\/v2\/media?parent=380"}],"wp:term":[{"taxonomy":"product_brand","embeddable":true,"href":"https:\/\/sklep-demo.zse-2.krakow.pl\/index.php\/wp-json\/wp\/v2\/product_brand?post=380"},{"taxonomy":"product_cat","embeddable":true,"href":"https:\/\/sklep-demo.zse-2.krakow.pl\/index.php\/wp-json\/wp\/v2\/product_cat?post=380"},{"taxonomy":"product_tag","embeddable":true,"href":"https:\/\/sklep-demo.zse-2.krakow.pl\/index.php\/wp-json\/wp\/v2\/product_tag?post=380"}],"curies":[{"name":"wp","href":"https:\/\/api.w.org\/{rel}","templated":true}]}}